{"id":321,"date":"2021-07-07T02:58:37","date_gmt":"2021-07-07T02:58:37","guid":{"rendered":"https:\/\/escolhadev.com.br\/?page_id=321"},"modified":"2023-09-12T02:56:46","modified_gmt":"2023-09-12T02:56:46","slug":"curso-do-zero-ao-avancado","status":"publish","type":"page","link":"https:\/\/escolhadev.com.br\/javascript\/curso-do-zero-ao-avancado\/","title":{"rendered":"Curso Programador Full Stack JavaScript Profissional &#8211; Do Zero ao Avan\u00e7ado em 12 Semanas"},"content":{"rendered":"\n<p>Voc\u00ea gostaria de aprender programa\u00e7\u00e3o de verdade, sem enrola\u00e7\u00e3o, passo a passo e ainda se tornar um Programador Full Stack JavaScript Profissional?<\/p>\n\n\n\n<p>Voc\u00ea entende que para aprender programa\u00e7\u00e3o n\u00e3o existe atalhos e que precisa se dedicar, praticar e exercitar suas habilidades com exerc\u00edcios e projetos?<\/p>\n\n\n\n<p>\u00c9 um fator motivador para voc\u00ea fazer parte de em um grupo exclusivo de pessoas que tamb\u00e9m querem dominar o desenvolvimento Full Stack com JavaScript e que estejam dispostas a ajudar uns aos outros?<\/p>\n\n\n\n<h2 class=\"wp-block-heading\" id=\"como-se-tornar-um-programador-javascript-de-verdade\">Como se tornar um programador JavaScript de verdade?<\/h2>\n\n\n\n<p>Se voc\u00ea procura dar um empurr\u00e3o na sua carreira como programador JavaScript e respondeu SIM para as perguntas anteriores, ent\u00e3o segue o fio. Tenho algo legal para te contar.<\/p>\n\n\n\n<p>Leonardo Scorza e Daniel Moreto s\u00e3o dois programadores experientes e fant\u00e1stiscos. Eles juntaram for\u00e7as e criaram um curso que tem ajudado iniciantes se tornarem programadores JavaScript Full Stack de verdade.<\/p>\n\n\n\n<p>Dominar programa\u00e7\u00e3o exige muita dedica\u00e7\u00e3o e pr\u00e1tica. Leonardo sabe disso e n\u00e3o poupou esfor\u00e7os. O curso \u00e9 repleto de aulas em v\u00eddeo, exerc\u00edcios e projetos reais para seus alunos praticarem muito. Alunos iniciantes e dedicados est\u00e3o conseguindo se tornar programadores JavaScript profissionais enquanto avan\u00e7am em suas carreiras como DEV&#8217;s.<\/p>\n\n\n\n<h2 class=\"wp-block-heading\" id=\"dedica%C3%A7%C3%A3o-pr%C3%A1tica-e-suas-consequ%C3%AAncias-em-uma-carreira-dev\">Dedica\u00e7\u00e3o, Pr\u00e1tica e suas consequ\u00eancias em uma carreira DEV<\/h2>\n\n\n\n<p>Um colega algum tempo atr\u00e1s estava meio perdido. Pensava em seguir uma carreira como programador WEB, no entanto seus conhecimentos em HTML e CSS eram b\u00e1sicos. Mas algo mudou quando decidiu adquirir o curso e se dedicar pra valer.<\/p>\n\n\n\n<p>Foi numa quarta-feira que apareceu para ele uma oportunidade para pegar um projeto de otimiza\u00e7\u00e3o do desempenho de um site. A nota era ruim, somente 16 no Google PageSpeed. O desejo do cliente era subir o ranking do site para pelo menos 80. Um desafio e tanto, mas meu colega se sentiu confiante com o que havia aprendido em apenas uma semana de curso. Mandou uma proposta e para sua surpresa o cliente fechou.<\/p>\n\n\n\n<p>Ele n\u00e3o perdeu tempo. No mesmo dia iniciou o projeto e reescreveu o website utilizando Bulma, um framework CSS que \u00e9 ensinado no curso. E melhor, decidiu que n\u00e3o usaria WordPress. Com essas duas decis\u00f5es super acertadas apresentou para seu cliente um site que agora batia 95 no Google PageSpeed.<\/p>\n\n\n\n<p>Algumas semanas atr\u00e1s este meu colega mal conseguiria fazer um site do zero usando HTML e CSS. Mas com dedica\u00e7\u00e3o e pouco mais de uma semana de estudo se sentiu confiante para fechar um projeto e superou as expectativas. Recebeu do cliente um b\u00f4nus $ por que o ranking ficou acima do combinado e de quebra fechou contrato para outros 4 servi\u00e7os.<\/p>\n\n\n\n<h2 class=\"wp-block-heading\" id=\"conhe%C3%A7a-o-curso-programador-full-stack-javascript-profissional\">Conhe\u00e7a o Curso Programador Full Stack JavaScript Profissional<\/h2>\n\n\n\n<p>Leonardo viu muitos de seus alunos se formarem e entrar na carreira de verdade. O curso Full Stack JavaScript Profissional da OneBitCode conta hoje com aproximadamente 1300 alunos. Por esses e outros motivos acredito que o treinamento \u00e9 bom para voc\u00ea.<\/p>\n\n\n\n<p>Por dentro do treinamento voc\u00ea vai encontrar mais de 395 aulas ensinando tudo o que precisa para se tornar um Programador JavaScript Full Stack. Para dominar o Front End o curso \u00e9 repleto de aulas sobre HTML, CSS Bulma, JavaScript, ES6+ e React. Quanto ao Back End voc\u00ea vai aprender Node.js, Express Framework, API&#8217;s, MVC e muito mais.<\/p>\n\n\n\n<h2 class=\"wp-block-heading\" id=\"plano-de-estudos-detalhado---conclua-o-curso-em-at%C3%A9-8-semanas\">Plano de Estudos Detalhado &#8211; conclua o curso em at\u00e9 12 semanas<\/h2>\n\n\n\n<p>O conte\u00fado do curso est\u00e1 organizado mais ou menos assim: HTML, CSS, ES6+ e React totalizam uns 65% do curso enquanto Node.js, Express.js, MongoDB e outros assuntos ocupam os 45% restantes.<\/p>\n\n\n\n<p><strong>Fundamentos I<\/strong><\/p>\n\n\n\n<ul>\n<li>HTML5<\/li>\n\n\n\n<li>CSS3<\/li>\n\n\n\n<li>JavaScript 1: L\u00f3gica de Programa\u00e7\u00e3o<\/li>\n\n\n\n<li>JavaScript 2: Estruturas de Dados e Fun\u00e7\u00f5es<\/li>\n<\/ul>\n\n\n\n<p><strong>Fundamentos II<\/strong><\/p>\n\n\n\n<ul>\n<li>JavaScript 3: ES6+<\/li>\n\n\n\n<li>JavaScript 4: Orientada a Objetos<\/li>\n\n\n\n<li>JavaScript 5: Assincronicidade e APIs<\/li>\n\n\n\n<li>TypeScript<\/li>\n\n\n\n<li>Git e GitHub<\/li>\n<\/ul>\n\n\n\n<p><strong>Desenvolvimento Front-End<\/strong><\/p>\n\n\n\n<ul>\n<li>CSS Moderno: Responsividade e Layouts Din\u00e2micos<\/li>\n\n\n\n<li>Sass<\/li>\n\n\n\n<li>Bootstrap<\/li>\n\n\n\n<li>ReactJS<\/li>\n\n\n\n<li>Nextjs<\/li>\n\n\n\n<li>Bulma (extra)<\/li>\n<\/ul>\n\n\n\n<p><strong>Desenvolvimento Back-End<\/strong><\/p>\n\n\n\n<ul>\n<li>Backend com Node.js e Express<\/li>\n\n\n\n<li>Backend com MongoDB, Express e EJS<\/li>\n\n\n\n<li>Banco de Dados SQL no Node.js<\/li>\n<\/ul>\n\n\n\n<p>Mas me permita uma opini\u00e3o pessoal aqui. A cereja do bolo que torna o Curso Full Stack JavaScript Profissional \u00fanico \u00e9 o Plano de Estudos criado pelo L\u00e9o. Caso voc\u00ea queira absorver o conte\u00fado mais rapidamente \u00e9 s\u00f3 seguir o plano de estudos para concluir o curso em at\u00e9 12 semanas. No entanto seu acesso ao curso \u00e9\u00a0<strong>vital\u00edcio<\/strong>, ou seja, fica a seu crit\u00e9rio seguir o plano de estudos ou tocar no seu pr\u00f3prio ritmo.<\/p>\n\n\n\n<h2 class=\"wp-block-heading\" id=\"conte%C3%BAdos-extras-valiosos\">Conte\u00fados Extras Valiosos<\/h2>\n\n\n\n<p>Voc\u00ea achou que o conte\u00fado do curso Programador Full Stack JavaScript Profissional acabou? Achou errado.<\/p>\n\n\n\n<p>A OneBitCode disponibiliza conte\u00fados extras &#8211; um m\u00f3dulo repleto de exerc\u00edcios adicionais de JavaScript e m\u00f3dulo sobre o framework CSS Bulma.<\/p>\n\n\n\n<p>Outro extra \u00e9 uma se\u00e7\u00e3o chamada &#8220;Guia de Carreira&#8221;. Nele cont\u00e9m aulas sobre como \u00e9 a carreira de um programador, como conseguir jobs e o que estudar para voc\u00ea continuar evoluindo na carreira.<\/p>\n\n\n\n<p>Para evitar que esta se\u00e7\u00e3o do artigo fique longo demais sugiro que clique no link abaixo. L\u00e1 na p\u00e1gina do curso voc\u00ea vai encontrar outros conte\u00fados extras t\u00e3o valiosos quanto os que citei at\u00e9 aqui.<\/p>\n\n\n\n<h2 class=\"wp-block-heading\" id=\"garantia\">Garantia<\/h2>\n\n\n\n<p>A OneBitCode oferece para quem adquiriu o curso uma garantia incondicional de 7 dias. Dentro deste per\u00edodo voc\u00ea consegue pedir o reembolso. N\u00e3o precisa dar satisfa\u00e7\u00f5es pois o reembolso \u00e9 efetuado diretamente pela plataforma.<\/p>\n\n\n\n<h2 class=\"wp-block-heading\" id=\"processo-de-compra\">Processo de Compra<\/h2>\n\n\n\n<p>O processo de compra \u00e9 tranquilo, r\u00e1pido e seguro. A p\u00e1gina de vendas e a p\u00e1gina de checkout da plataforma Hotmart est\u00e3o ambas protegidas por protocolo HTTPS. Toda e qualquer informa\u00e7\u00e3o trocada \u00e9 criptografada para garantir sua seguran\u00e7a.<\/p>\n\n\n\n<h2 class=\"wp-block-heading\" id=\"conclus%C3%A3o\">Conclus\u00e3o<\/h2>\n\n\n\n<p>N\u00e3o existe m\u00e1gica para dominar a programa\u00e7\u00e3o. \u00c9 preciso se dedicar para avan\u00e7ar do Zero ao Avan\u00e7ado. O Leonardo criou o treinamento completo para voc\u00ea ter em m\u00e3os o material que precisa para dominar do zero e passo a passo os conceitos necess\u00e1rios, praticar com exerc\u00edcios e ganhar experi\u00eancia desenvolvendo projetos reais.<\/p>\n\n\n\n<p>O que voc\u00ea vai fazer? Continuar como um programador JavaScript iniciante ou come\u00e7ar seus estudos e se tornar um Programador Full Stack JavaScript Profissional?<\/p>\n\n\n\n<p>Espero v\u00ea-lo em breve l\u00e1 no discord da OneBitCode tirando suas d\u00favidas! E talvez tamb\u00e9m respondendo d\u00favidas de outros alunos, por que n\u00e3o?<\/p>\n","protected":false},"excerpt":{"rendered":"<p>Voc\u00ea gostaria de aprender programa\u00e7\u00e3o de verdade, sem enrola\u00e7\u00e3o, passo a passo e ainda se tornar um Programador Full Stack JavaScript Profissional? Voc\u00ea entende que para aprender programa\u00e7\u00e3o n\u00e3o existe atalhos e que precisa se dedicar, praticar e exercitar suas habilidades com exerc\u00edcios e projetos? \u00c9 um fator motivador para voc\u00ea fazer parte de em [&hellip;]<\/p>\n","protected":false},"author":1,"featured_media":0,"parent":0,"menu_order":0,"comment_status":"closed","ping_status":"closed","template":"","meta":{"footnotes":""},"_links":{"self":[{"href":"https:\/\/escolhadev.com.br\/javascript\/wp-json\/wp\/v2\/pages\/321"}],"collection":[{"href":"https:\/\/escolhadev.com.br\/javascript\/wp-json\/wp\/v2\/pages"}],"about":[{"href":"https:\/\/escolhadev.com.br\/javascript\/wp-json\/wp\/v2\/types\/page"}],"author":[{"embeddable":true,"href":"https:\/\/escolhadev.com.br\/javascript\/wp-json\/wp\/v2\/users\/1"}],"replies":[{"embeddable":true,"href":"https:\/\/escolhadev.com.br\/javascript\/wp-json\/wp\/v2\/comments?post=321"}],"version-history":[{"count":12,"href":"https:\/\/escolhadev.com.br\/javascript\/wp-json\/wp\/v2\/pages\/321\/revisions"}],"predecessor-version":[{"id":743,"href":"https:\/\/escolhadev.com.br\/javascript\/wp-json\/wp\/v2\/pages\/321\/revisions\/743"}],"wp:attachment":[{"href":"https:\/\/escolhadev.com.br\/javascript\/wp-json\/wp\/v2\/media?parent=321"}],"curies":[{"name":"wp","href":"https:\/\/api.w.org\/{rel}","templated":true}]}}